lculate (-8 + -5 - -9) + 6 + (12 + -4 - 80).
-70
(1 - 10 - (31 - (32 + (9 - -57)))) + -11
47
What is the value of 29 + 2 + (35 - -3) + -59 + 90?
100
What is -2 + -164 - (-1304 + 1203)?
-65
What is the value of -37 + 116 + -59 + 37?
57
What is (-46 - (34 + -177)) + -93?
4
What is 481 + -447 + (1 - (55 + -3))?
-17
Calculate (24 + -23 - 11) + (60 - 4).
46
Evaluate (43 - 55) + -95 + (-7 - (-1 + 8 + -16)).
-105
Evaluate 29 + (-9 - 15) - -25 - -33.
63
What is the value of (54 - -6) + 135 + -151 + 31 + 0?
75
Evaluate 1 - -38 - 29 - (1 - (4 + 37)) - -11.
61
Evaluate (91 - 48) + 10 + 22.
75
Calculate (-391 + 371 - (0 - 31)) + (1 - -38).
50
What is 14 - (27 - (-1 - -21)) - 65?
-58
Calculate 36 + 1 + (-10123 - -10051).
-35
Calculate 19 + -44 + -47 + 61 - -81.
70
Evaluate -305 + 446 + -192 - (-1 - -22).
-72
Evaluate 13 - (18 + 45 + -46 + 8).
-12
Calculate 47 - (43 + (-24 - -23)).
5
What is the value of 34 - 48 - (2 + (6 - 4 - -4))?
-22
-13 + 9 + -14 + 11 + (-13 - 1)
-21
What is -6 + (-11 - (22 + -49 + 33 + (0 - 14)))?
-9
What is the value of -44 - -7 - (-32 - -7) - -25?
13
10 - (-4 + -6 + 15 + -16)
21
Calculate (-14 - 1) + 0 + -430 + 529 - -4.
88
What is -10 + 33 + 3 + -35 - -7?
-2
Calculate 36 + 0 - (1618 + -1552).
-30
-2 - -79 - (-638 + 698)
17
What is 38 - (-10 + (0 - 1) + (-2334 - -2347))?
36
-10 - (4 + -13 + 31 + -8 - 0)
-24
What is the value of 10 - (-9 + (8 - 4) - -2 - 10)?
23
Calculate 0 + (20 - 31 - (1 - 41)) + 0 + 6.
35
-14 - (-3 - 10 - (2 - (-7 + 3)))
5
What is the value of -38 + (51 + 7 - 143)?
-123
What is the value of 1 + 1 - (50 + 51 - 52 - -37)?
-84
-133 + 52 + 83 - -9
11
What is the value of 36 - (37 + (46 - 27))?
-20
Calculate -15 + -16 + (24 - 69) + -19 + 4.
-91
What is 3 + (1 + 3 - (-288 + 275))?
20
Calculate 8 - 3 - (-9 + 1 - (72 - 25)).
60
Evaluate 2286 + -2284 - (3 + 1 + 13).
-15
Calculate 16 - ((-7 - 0) + (-80 - -35) + 18).
50
What is the value of -110 - -1 - ((189 - -12) + -222)?
-88
(127 - 154 - (2 + 38)) + -10 + 5
-72
Evaluate -18 + 84 - (-31 + 54 - 51).
94
Calculate 16 - (-2 - (3 - -4)).
25
Evaluate 0 + (-2 - -12) + (17 - 21 - -32) + 3.
41
What is the value of -2 + (26 - -7) - (9 - -1) - (1 + -6)?
26
-72 + (-33 + 48 - -63)
6
-170 + 71 + -95 + 110
-84
Calculate 53 - (-30 - 47 - -60).
70
What is (-21 - -11) + 92 + -153?
-71
38 + 93 + (-98 - -16)
49
(-3 - -11) + 9 + -9 + 4 + -79 + 16
-51
Calculate (260 - 245) + (-4 - (4 - 7)).
14
Calculate -122 + 76 - (8 - 27).
-27
Evaluate 4 - (22 - (-27 - 23)) - -16.
-52
Calculate 8 + (5331 - 5332) + 1 + 0 + (0 - -39).
47
What is (1 - 14) + 2 + -774 + 785 - -14 - -10?
24
What is -12 + 1 - (1 - 1) - (-21206 - -21175)?
20
What is the value of 2 + 63 + 55 + -100?
20
(-16 - -21 - -39) + -14 + -17
13
What is the value of 3 + (-2 + 7 - (-46 - -56)) - -44?
42
What is (27 - -15) + -62 - -54?
34
What is the value of -55 - -38 - 8 - 32?
-57
-12 - (102 - (50 - -16))
-48
What is (8 - -3) + (4 + 1 + -11 - 79)?
-74
Calculate 13 - (61 - -1 - -3) - (13 - -3).
-68
What is the value of (-38 - ((1 - -4) + -25)) + 59?
41
What is the value of -40 - 32 - -30 - -40?
-2
2 - 5 - (-27 + 46 - 23 - 23)
24
-51 + (51 - (-8 - -41))
-33
Calculate -25 - ((4 - (-3 + 7)) + (-157 - -153)).
-21
Calculate 88 + 42 + -72 + -83.
-25
Evaluate (88 - 93) + -31 - -60.
24
Calculate (-215 - -209) + (-8 - -2) + 2 + 8.
-2
-46 - (-58 - (-30 - 23))
-41
What is the value of 1 - (2 - 0) - (-81 + 72 - 30)?
38
Calculate -21 + 1 + -19 + 38.
-1
What is the value of (6 + 8 - 0 - 9) + 60 - 13?
52
What is the value of (50 - (99 + -36)) + 37?
24
What is the value of -8 + 2 + 1 + 6765 + -6861?
-101
Evaluate 29 - 26 - -21 - (-2 - 15).
41
What is -54 + (9 - (17 - 6)) + 8 + 1 + -2?
-49
What is 7 + -3 + (-32 - -18) + -5?
-15
Evaluate (-147 - -111) + 9 + 44.
17
53 + 3 + 63 + -80
39
What is the value of 91 + (-137 - -42) + 1 + 0 + 4?
1
Evaluate (-5 - -9) + -17 + 6 + -45 + (0 - -5).
-47
4 + -55 + -12 + -6 + 7 + -12 + 13
-61
What is the value of 80 + (-10 - 146) - -77?
1
Evaluate -2 + -56 + 3065 + -2971.
36
What is 50 + -27 + -17 - 49?
-43
What is the value of -91 - (-84 + 41 - 2)?
-46
Calculate ((26 - (16 - -14)) + 15 - 5) + 24 + -1.
29
Evaluate 73 + (-13 - 167) + 101.
-6
Evaluate (-1 - 2 - 3 - (117 + -136) - 21) + 53.
45
What is 1110 + -1115 - (2 - 81 - (13 - 7))?
80
Evaluate -12 - ((14 - -1 - 47) + -3 + -2).
25
Evaluate (2 + 2 - -2) + (5 - (24 - 1)).
-12
(1 - 10 - ((-20 - 22) + 26)) + 18
25
What is -67 - (-115 + -23 + -15)?
86
Evaluate 3668 + -3635 + (-84 - -2).
-49
Evaluate (18 - (-40 + 11)) + (7 - -1 - 5 - -1).
51
Calculate 2 + -6 - 5 - (3 + 38).
-50
Calculate -8 + -11 + -11 - (54 - 84).
0
Calculate -5 - (28 + ((3 - -3) + -22 - -7)) - -1.
-23
Calculate -16 - ((-82 - -63) + -7).
10
Evaluate (24 - 54 - (2 + 3)) + 11 + 3.
-21
8 + (0 + 10 + -11 - (-1 + -1 - 6))
15
(-100 - -154) + 16 + -46
24
What is 6418 + -6384 + (-4 - -2) + -78?
-46
What is the value of 7 + (-1 - (4 - 14)) - (15 - (10 + -3))?
8
What is the value of (-100 - (-20 - -7)) + (-159 - -155)?
-91
What is the value of 269 + -295 - (-10 - (7 - -62))?
53
What is the value of 24 - (-43 - (-118 - -41)) - (-1 + -35)?
26
What is the value of 2 - (10 + 1 - (17 + 21 + -46))?
-17
What is (49 - 36) + -37 - 39?
-63
Calculate (0 - 51) + 5 + -7 + 1 + (-68 - -67).
-53
What is the value of 2 - -49 - (137 - (226 - 83))?
57
Evaluate 152 + -169 + 9 + 1 + 14 + 41 + 2.
50
Calculate 13 + -22 + 68 + 4 + -23.
40
15 - 7 - (2 - 12) - -80
98
What is the value of (-61 - -7) + -6 - (41 + (-64 - -30))?
-67
Evaluate -1 - 16 - (-11 + (23 - 5)).
-24
What is (-39 - (-60 + -33 + 32)) + 1 + -12 - -56?
67
What is 107 - (89 - -74 - 51)?
-5
Evaluate 4 + (-27 + 29 + -4 - -24).
26
Calculate (24759 - 24833) + (1 - -3).
-70
Calculate 36 - (-57 + 59 + -7 + -3 + 13).
31
What is the value of (70 + 42 - 82) + (-1 + 1 - -7)?
37
(-6 - (2 - 24)) + (3 - -10)
29
What is the value of (-57 - -8) + 101 + -43?
9
What is the value of -10 + (-10 - (-11 - -13)) + -19?
-41
Calculate -2831 + 2857 - (-29 + 2).
53
8 - 1 - 2 - (0 + -6 + 17)
-6
44 + (-40 - 48) + -79
-123
What is the value of -24 - 41 - -45 - 13?
-33
What is (6 - ((0 - -8) + 35 + -1)) + 5?
-31
Evaluate 14 - (-4 + 10) - (-422 + 409).
21
15 - (9 - -14) - (-5 + -5) - 0 - 7
-5
What is -11 - (48 + (92 - 77))?
-74
What is -14 - (9 + 0 + (-7 - -17) + -15)?
-18
What is the value of (8 - (-70 + (20 - 2))) + -22?
38
Calculate (9 - 1) + (-1314 - -1295).
-11
What is (0 - 63) + (390 - 360) + 21?
-12
Calculate (-113 + 160 - 89) + -53.
-95
Calculate -48 - (-1 - (-18 - -22)).
-43
What is the value of -6 + (0 - -13 - (180 + -146)) + 1 + 3?
-23
Evaluate 0 + (-30 - -53) + -22 + -11 + 22.
12
What is -50 + 131 + -193 - -217?
105
Calculate -6 + 3 - (215 + -166).
-52
Calculate -3 + -2 + 100 + (5 - 14).
86
What is 5 + -9 + 20 + (13 - (11 + 17))?
1
What is the value of (-49 + 43 - 13) + (-27 - -13)?
-33
What is the value of 6 + 30 + 2 - (55 + -26)?
9
Evaluate (12 - (1 + 0)) + -57 + -14 + 40.
-20
Calculate (-56 - -66) + -202 + 102.
-90
Evaluate 1 - (-10 - (1 + -11 + 12)) - (-67 - 5).
85
Evaluate 182 + (23 - 29) + -67.
109
What is the value of 1 - -5 - (10 - (6 - 5 - -22))?
19
What is 58 + 2 + -61 + (-2 - (3 + -15))?
9
Calculate 7 + (-44 - 1) + -44.
-82
What is -28 + 20 + -7 + (-7 - (-68 - -11))?
35
Calculate -2 - 6 - (154 + -52 + -49).
-61
(306 - 308 - (-2 + -3 + 3)) + -1 + 54
53
Calculate (-104 + 237 + (-14 - 1) - 13) + (4 - -2).
111
What is the value of 3230 + -3221 + (-3 - -2) + 2 + 31?
41
Calculate (-23 - (18 + 1 - 176)) + -7.
127
12 - ((0 + -1 - (-18 + 16)) + 57 + 2)
-48
What is the value of -35 - -5 - 14 - -6 - (-2 + -15)?
-21
What is the value of -2 + -1 + 114 + 0 + (171 - 293) + 118?
107
Evaluate 19 + -31 + 54 + -19 + -107.
-84
What is 93 + -29 + -9 + (-10 - -4 - -2)?
51
Calculate (-212 - -204) + 10 + 3 + 3 + 0.
8
What is 24 + -1 - (23 - (3 - 149 - -26))?
-120
What is the value of 12 + (-10 - (-9 + 12)) + -5 - (-15 + -1)?
10
10 - (-9 + (-1 - (1 + -3)) + 3697 + -3721)
42
Calculate (115 - 108 - (1 + -8)) + -11 + -31.
-28
-33 - -1 - (-2 - (82 - 6))
46
Calculate (12 - 18) + 32 - 20.
6
29 + 11 - (95 - (22 + 23))
-10
What is the value of (-233 - -209) + (52 - 2) - -43?
69
Calculate (32 - 3) + (87 + -57 - 12).
47
What is the value of 461 - 494 - (-5 - (5 - 20))?
-43
What is the value of -16 + (-41 - (-17 + -42))?
2
Calc